when 279 is divided by 152?
127
Calculate the remainder when 12397 is divided by 4131.
4
What is the remainder when 549711 is divided by 43?
42
Calculate the remainder when 8089 is divided by 38.
33
Calculate the remainder when 11881 is divided by 627.
595
What is the remainder when 1460549 is divided by 975?
974
What is the remainder when 3668 is divided by 801?
464
Calculate the remainder when 2955 is divided by 852.
399
What is the remainder when 246787 is divided by 82258?
13
What is the remainder when 44209 is divided by 97?
74
Calculate the remainder when 71716 is divided by 23903.
7
Calculate the remainder when 1441 is divided by 295.
261
Calculate the remainder when 31706 is divided by 39.
38
Calculate the remainder when 2080 is divided by 82.
30
What is the remainder when 28378 is divided by 39?
25
What is the remainder when 2976 is divided by 623?
484
Calculate the remainder when 142905 is divided by 71407.
91
Calculate the remainder when 5262 is divided by 583.
15
What is the remainder when 259269 is divided by 117?
114
What is the remainder when 44504 is divided by 138?
68
Calculate the remainder when 8319 is divided by 40.
39
Calculate the remainder when 14462 is divided by 225.
62
What is the remainder when 11192 is divided by 386?
384
Calculate the remainder when 1360 is divided by 436.
52
What is the remainder when 14240 is divided by 176?
160
What is the remainder when 3512 is divided by 1750?
12
Calculate the remainder when 27231 is divided by 266.
99
Calculate the remainder when 316425 is divided by 222.
75
Calculate the remainder when 51695 is divided by 783.
17
What is the remainder when 19572 is divided by 3888?
132
What is the remainder when 2413979 is divided by 24?
11
Calculate the remainder when 117477 is divided by 257.
28
What is the remainder when 194663 is divided by 1442?
1435
Calculate the remainder when 23565 is divided by 536.
517
Calculate the remainder when 21728 is divided by 435.
413
What is the remainder when 400781 is divided by 84?
17
What is the remainder when 16227 is divided by 397?
347
Calculate the remainder when 1423464 is divided by 177932.
8
What is the remainder when 13826 is divided by 133?
127
What is the remainder when 13192 is divided by 6584?
24
What is the remainder when 399 is divided by 312?
87
Calculate the remainder when 1121 is divided by 920.
201
Calculate the remainder when 180068 is divided by 52.
44
What is the remainder when 17067 is divided by 5683?
18
Calculate the remainder when 1158119 is divided by 386039.
2
What is the remainder when 281323 is divided by 106?
105
Calculate the remainder when 26140 is divided by 76.
72
Calculate the remainder when 3186 is divided by 1386.
414
What is the remainder when 35279 is divided by 11706?
161
Calculate the remainder when 85832 is divided by 40.
32
What is the remainder when 51225 is divided by 6401?
17
Calculate the remainder when 149153 is divided by 33.
26
Calculate the remainder when 2895 is divided by 1409.
77
What is the remainder when 6548 is divided by 2506?
1536
Calculate the remainder when 18307 is divided by 529.
321
Calculate the remainder when 3014 is divided by 340.
294
What is the remainder when 12644 is divided by 92?
40
Calculate the remainder when 2680 is divided by 28.
20
Calculate the remainder when 3478 is divided by 3138.
340
Calculate the remainder when 315769 is divided by 182.
181
What is the remainder when 44847 is divided by 1281?
12
What is the remainder when 13179 is divided by 1648?
1643
What is the remainder when 3694825 is divided by 166?
163
Calculate the remainder when 239 is divided by 118.
3
What is the remainder when 16255 is divided by 2317?
36
Calculate the remainder when 1477 is divided by 650.
177
Calculate the remainder when 8827 is divided by 1470.
7
Calculate the remainder when 6225 is divided by 516.
33
Calculate the remainder when 2069 is divided by 1878.
191
What is the remainder when 49236 is divided by 24570?
96
What is the remainder when 3485102 is divided by 1682?
1680
What is the remainder when 4762 is divided by 97?
9
What is the remainder when 1867 is divided by 310?
7
What is the remainder when 19129 is divided by 53?
49
What is the remainder when 72558 is divided by 67?
64
What is the remainder when 3596 is divided by 201?
179
Calculate the remainder when 17187 is divided by 242.
5
What is the remainder when 9192 is divided by 7753?
1439
What is the remainder when 78729 is divided by 44?
13
Calculate the remainder when 748001 is divided by 28.
9
Calculate the remainder when 518 is divided by 515.
3
Calculate the remainder when 294571 is divided by 53.
50
What is the remainder when 3892 is divided by 644?
28
What is the remainder when 42595 is divided by 21276?
43
Calculate the remainder when 3915 is divided by 87.
0
What is the remainder when 9480 is divided by 1100?
680
Calculate the remainder when 456 is divided by 130.
66
Calculate the remainder when 1734 is divided by 569.
27
Calculate the remainder when 458 is divided by 108.
26
Calculate the remainder when 2897 is divided by 146.
123
What is the remainder when 3553 is divided by 1765?
23
Calculate the remainder when 21537 is divided by 5.
2
Calculate the remainder when 120296 is divided by 59.
54
What is the remainder when 3250 is divided by 31?
26
What is the remainder when 684596 is divided by 8054?
6
Calculate the remainder when 274977 is divided by 862.
861
What is the remainder when 14159 is divided by 30?
29
Calculate the remainder when 2306 is divided by 300.
206
What is the remainder when 58883 is divided by 19626?
5
What is the remainder when 6366 is divided by 30?
6
Calculate the remainder when 105164 is divided by 61.
0
What is the remainder when 3606 is divided by 889?
50
Calculate the remainder when 61003 is divided by 33.
19
Calculate the remainder when 48086 is divided by 75.
11
Calculate the remainder when 289906 is divided by 422.
414
What is the remainder when 141608 is divided by 833?
831
Calculate the remainder when 15368 is divided by 334.
4
What is the remainder when 217237 is divided by 584?
573
What is the remainder when 619113 is divided by 46?
45
Calculate the remainder when 36883 is divided by 89.
37
Calculate the remainder when 2742 is divided by 240.
102
What is the remainder when 4583 is divided by 4561?
22
Calculate the remainder when 866234 is divided by 14.
12
What is the remainder when 2191 is divided by 85?
66
What is the remainder when 6495 is divided by 1217?
410
Calculate the remainder when 338430 is divided by 59.
6
Calculate the remainder when 9543 is divided by 866.
17
Calculate the remainder when 422066 is divided by 478.
470
What is the remainder when 26383 is divided by 167?
164
What is the remainder when 377 is divided by 54?
53
Calculate the remainder when 30268 is divided by 319.
282
What is the remainder when 1630052 is divided by 276?
272
What is the remainder when 1543 is divided by 151?
33
Calculate the remainder when 3372 is divided by 78.
18
Calculate the remainder when 14399 is divided by 14.
7
Calculate the remainder when 3714 is divided by 3682.
32
Calculate the remainder when 3432 is divided by 9.
3
Calculate the remainder when 38029 is divided by 5419.
96
What is the remainder when 2632 is divided by 694?
550
What is the remainder when 2914 is divided by 185?
139
Calculate the remainder when 130414 is divided by 312.
310
What is the remainder when 72709 is divided by 36337?
35
Calculate the remainder when 5289 is divided by 5271.
18
Calculate the remainder when 1994 is divided by 94.
20
What is the remainder when 15460 is divided by 609?
235
Calculate the remainder when 159486 is divided by 116.
102
What is the remainder when 2332535 is divided by 7?
2
What is the remainder when 134 is divided by 33?
2
What is the remainder when 34244 is divided by 17116?
12
What is the remainder when 31059 is divided by 199?
15
Calculate the remainder when 197111 is divided by 24.
23
Calculate the remainder when 647 is divided by 201.
44
What is the remainder when 7418 is divided by 176?
26
Calculate the remainder when 7105 is divided by 1419.
10
Calculate the remainder when 238546 is divided by 103.
101
What is the remainder when 320 is divided by 11?
1
What is the remainder w